{"id":1428,"date":"2021-09-23T07:32:05","date_gmt":"2021-09-23T07:32:05","guid":{"rendered":"https:\/\/dev.aeroclubalicante.com\/es\/?post_type=flota_aviones&#038;p=1428"},"modified":"2021-12-23T10:58:19","modified_gmt":"2021-12-23T09:58:19","slug":"tecnam-p-92-echo-super-matricula-ec-kxr","status":"publish","type":"flota_aviones","link":"https:\/\/www.aeroclubalicante.com\/es\/flota_aviones\/tecnam-p-92-echo-super-matricula-ec-kxr\/","title":{"rendered":"Tecnam P-92 Eaglet matr\u00edcula EC-KXR"},"content":{"rendered":"\n<p>Tecnam revolucion\u00f3 el mercado de ultraligeros fabricando modelos de ultraligeros que nada tienen que envidiar a los peque\u00f1os modelos de avi\u00f3n, el P-92 Echo ha sido la punta de lanza y hoy d\u00eda es probablemente el avi\u00f3n m\u00e1s usado en escuelas de ultraligeros en Espa\u00f1a.<\/p>\n","protected":false},"featured_media":1429,"template":"","class_list":["post-1428","flota_aviones","type-flota_aviones","status-publish","has-post-thumbnail","hentry"],"acf":[],"yoast_head":"<!-- This site is optimized with the Yoast SEO plugin v27.3 - https:\/\/yoast.com\/product\/yoast-seo-wordpress\/ -->\n<title>Tecnam P-92 Eaglet matr\u00edcula EC-KXR - Real Aeroclub de Alicante | Escuela y Aer\u00f3dromo<\/title>\n<meta name=\"robots\" content=\"index, follow, max-snippet:-1, max-image-preview:large, max-video-preview:-1\" \/>\n<link rel=\"canonical\" href=\"https:\/\/www.aeroclubalicante.com\/es\/flota_aviones\/tecnam-p-92-echo-super-matricula-ec-kxr\/\" \/>\n<meta property=\"og:locale\" content=\"es_ES\" \/>\n<meta property=\"og:type\" content=\"article\" \/>\n<meta property=\"og:title\" content=\"Tecnam P-92 Eaglet matr\u00edcula EC-KXR - Real Aeroclub de Alicante | Escuela y Aer\u00f3dromo\" \/>\n<meta property=\"og:description\" content=\"Tecnam revolucion\u00f3 el mercado de ultraligeros fabricando modelos de ultraligeros que nada tienen que envidiar a los peque\u00f1os modelos de avi\u00f3n, el P-92 Echo ha sido la punta de lanza y hoy d\u00eda es probablemente el avi\u00f3n m\u00e1s usado en escuelas de ultraligeros en Espa\u00f1a.\" \/>\n<meta property=\"og:url\" content=\"https:\/\/www.aeroclubalicante.com\/es\/flota_aviones\/tecnam-p-92-echo-super-matricula-ec-kxr\/\" \/>\n<meta property=\"og:site_name\" content=\"Real Aeroclub de Alicante | Escuela y Aer\u00f3dromo\" \/>\n<meta property=\"article:modified_time\" content=\"2021-12-23T09:58:19+00:00\" \/>\n<meta property=\"og:image\" content=\"https:\/\/www.aeroclubalicante.com\/wp-content\/uploads\/2021\/09\/Tecnam-P-92-Echo-Super-EC-KKR.jpg\" \/>\n\t<meta property=\"og:image:width\" content=\"1500\" \/>\n\t<meta property=\"og:image:height\" content=\"1000\" \/>\n\t<meta property=\"og:image:type\" content=\"image\/jpeg\" \/>\n<meta name=\"twitter:card\" content=\"summary_large_image\" \/>\n<meta name=\"twitter:label1\" content=\"Tiempo de lectura\" \/>\n\t<meta name=\"twitter:data1\" content=\"1 minuto\" \/>\n<script type=\"application\/ld+json\" class=\"yoast-schema-graph\">{\"@context\":\"https:\\\/\\\/schema.org\",\"@graph\":[{\"@type\":\"WebPage\",\"@id\":\"https:\\\/\\\/www.aeroclubalicante.com\\\/es\\\/flota_aviones\\\/tecnam-p-92-echo-super-matricula-ec-kxr\\\/\",\"url\":\"https:\\\/\\\/www.aeroclubalicante.com\\\/es\\\/flota_aviones\\\/tecnam-p-92-echo-super-matricula-ec-kxr\\\/\",\"name\":\"Tecnam P-92 Eaglet matr\u00edcula EC-KXR - Real Aeroclub de Alicante | Escuela y Aer\u00f3dromo\",\"isPartOf\":{\"@id\":\"https:\\\/\\\/www.aeroclubalicante.com\\\/es\\\/#website\"},\"primaryImageOfPage\":{\"@id\":\"https:\\\/\\\/www.aeroclubalicante.com\\\/es\\\/flota_aviones\\\/tecnam-p-92-echo-super-matricula-ec-kxr\\\/#primaryimage\"},\"image\":{\"@id\":\"https:\\\/\\\/www.aeroclubalicante.com\\\/es\\\/flota_aviones\\\/tecnam-p-92-echo-super-matricula-ec-kxr\\\/#primaryimage\"},\"thumbnailUrl\":\"https:\\\/\\\/www.aeroclubalicante.com\\\/wp-content\\\/uploads\\\/2021\\\/09\\\/Tecnam-P-92-Echo-Super-EC-KKR.jpg\",\"datePublished\":\"2021-09-23T07:32:05+00:00\",\"dateModified\":\"2021-12-23T09:58:19+00:00\",\"breadcrumb\":{\"@id\":\"https:\\\/\\\/www.aeroclubalicante.com\\\/es\\\/flota_aviones\\\/tecnam-p-92-echo-super-matricula-ec-kxr\\\/#breadcrumb\"},\"inLanguage\":\"es\",\"potentialAction\":[{\"@type\":\"ReadAction\",\"target\":[\"https:\\\/\\\/www.aeroclubalicante.com\\\/es\\\/flota_aviones\\\/tecnam-p-92-echo-super-matricula-ec-kxr\\\/\"]}]},{\"@type\":\"ImageObject\",\"inLanguage\":\"es\",\"@id\":\"https:\\\/\\\/www.aeroclubalicante.com\\\/es\\\/flota_aviones\\\/tecnam-p-92-echo-super-matricula-ec-kxr\\\/#primaryimage\",\"url\":\"https:\\\/\\\/www.aeroclubalicante.com\\\/wp-content\\\/uploads\\\/2021\\\/09\\\/Tecnam-P-92-Echo-Super-EC-KKR.jpg\",\"contentUrl\":\"https:\\\/\\\/www.aeroclubalicante.com\\\/wp-content\\\/uploads\\\/2021\\\/09\\\/Tecnam-P-92-Echo-Super-EC-KKR.jpg\",\"width\":1500,\"height\":1000},{\"@type\":\"BreadcrumbList\",\"@id\":\"https:\\\/\\\/www.aeroclubalicante.com\\\/es\\\/flota_aviones\\\/tecnam-p-92-echo-super-matricula-ec-kxr\\\/#breadcrumb\",\"itemListElement\":[{\"@type\":\"ListItem\",\"position\":1,\"name\":\"Home\",\"item\":\"https:\\\/\\\/www.aeroclubalicante.com\\\/es\\\/\"},{\"@type\":\"ListItem\",\"position\":2,\"name\":\"Tecnam P-92 Eaglet matr\u00edcula EC-KXR\"}]},{\"@type\":\"WebSite\",\"@id\":\"https:\\\/\\\/www.aeroclubalicante.com\\\/es\\\/#website\",\"url\":\"https:\\\/\\\/www.aeroclubalicante.com\\\/es\\\/\",\"name\":\"Real Aeroclub de Alicante | Escuela y Aer\u00f3dromo\",\"description\":\"Cursos y licencias de vuelo. Escuela de pilotos en Alicante. Aeromodelismo con ultraligeros.\",\"publisher\":{\"@id\":\"https:\\\/\\\/www.aeroclubalicante.com\\\/es\\\/#organization\"},\"potentialAction\":[{\"@type\":\"SearchAction\",\"target\":{\"@type\":\"EntryPoint\",\"urlTemplate\":\"https:\\\/\\\/www.aeroclubalicante.com\\\/es\\\/?s={search_term_string}\"},\"query-input\":{\"@type\":\"PropertyValueSpecification\",\"valueRequired\":true,\"valueName\":\"search_term_string\"}}],\"inLanguage\":\"es\"},{\"@type\":\"Organization\",\"@id\":\"https:\\\/\\\/www.aeroclubalicante.com\\\/es\\\/#organization\",\"name\":\"Real Aeroclub de Alicante\",\"url\":\"https:\\\/\\\/www.aeroclubalicante.com\\\/es\\\/\",\"logo\":{\"@type\":\"ImageObject\",\"inLanguage\":\"es\",\"@id\":\"https:\\\/\\\/www.aeroclubalicante.com\\\/es\\\/#\\\/schema\\\/logo\\\/image\\\/\",\"url\":\"https:\\\/\\\/www.aeroclubalicante.com\\\/wp-content\\\/uploads\\\/2021\\\/08\\\/logo-aeroclub-alicante.svg\",\"contentUrl\":\"https:\\\/\\\/www.aeroclubalicante.com\\\/wp-content\\\/uploads\\\/2021\\\/08\\\/logo-aeroclub-alicante.svg\",\"width\":1,\"height\":1,\"caption\":\"Real Aeroclub de Alicante\"},\"image\":{\"@id\":\"https:\\\/\\\/www.aeroclubalicante.com\\\/es\\\/#\\\/schema\\\/logo\\\/image\\\/\"}}]}<\/script>\n<!-- \/ Yoast SEO plugin. -->","yoast_head_json":{"title":"Tecnam P-92 Eaglet matr\u00edcula EC-KXR - Real Aeroclub de Alicante | Escuela y Aer\u00f3dromo","robots":{"index":"index","follow":"follow","max-snippet":"max-snippet:-1","max-image-preview":"max-image-preview:large","max-video-preview":"max-video-preview:-1"},"canonical":"https:\/\/www.aeroclubalicante.com\/es\/flota_aviones\/tecnam-p-92-echo-super-matricula-ec-kxr\/","og_locale":"es_ES","og_type":"article","og_title":"Tecnam P-92 Eaglet matr\u00edcula EC-KXR - Real Aeroclub de Alicante | Escuela y Aer\u00f3dromo","og_description":"Tecnam revolucion\u00f3 el mercado de ultraligeros fabricando modelos de ultraligeros que nada tienen que envidiar a los peque\u00f1os modelos de avi\u00f3n, el P-92 Echo ha sido la punta de lanza y hoy d\u00eda es probablemente el avi\u00f3n m\u00e1s usado en escuelas de ultraligeros en Espa\u00f1a.","og_url":"https:\/\/www.aeroclubalicante.com\/es\/flota_aviones\/tecnam-p-92-echo-super-matricula-ec-kxr\/","og_site_name":"Real Aeroclub de Alicante | Escuela y Aer\u00f3dromo","article_modified_time":"2021-12-23T09:58:19+00:00","og_image":[{"width":1500,"height":1000,"url":"https:\/\/www.aeroclubalicante.com\/wp-content\/uploads\/2021\/09\/Tecnam-P-92-Echo-Super-EC-KKR.jpg","type":"image\/jpeg"}],"twitter_card":"summary_large_image","twitter_misc":{"Tiempo de lectura":"1 minuto"},"schema":{"@context":"https:\/\/schema.org","@graph":[{"@type":"WebPage","@id":"https:\/\/www.aeroclubalicante.com\/es\/flota_aviones\/tecnam-p-92-echo-super-matricula-ec-kxr\/","url":"https:\/\/www.aeroclubalicante.com\/es\/flota_aviones\/tecnam-p-92-echo-super-matricula-ec-kxr\/","name":"Tecnam P-92 Eaglet matr\u00edcula EC-KXR - Real Aeroclub de Alicante | Escuela y Aer\u00f3dromo","isPartOf":{"@id":"https:\/\/www.aeroclubalicante.com\/es\/#website"},"primaryImageOfPage":{"@id":"https:\/\/www.aeroclubalicante.com\/es\/flota_aviones\/tecnam-p-92-echo-super-matricula-ec-kxr\/#primaryimage"},"image":{"@id":"https:\/\/www.aeroclubalicante.com\/es\/flota_aviones\/tecnam-p-92-echo-super-matricula-ec-kxr\/#primaryimage"},"thumbnailUrl":"https:\/\/www.aeroclubalicante.com\/wp-content\/uploads\/2021\/09\/Tecnam-P-92-Echo-Super-EC-KKR.jpg","datePublished":"2021-09-23T07:32:05+00:00","dateModified":"2021-12-23T09:58:19+00:00","breadcrumb":{"@id":"https:\/\/www.aeroclubalicante.com\/es\/flota_aviones\/tecnam-p-92-echo-super-matricula-ec-kxr\/#breadcrumb"},"inLanguage":"es","potentialAction":[{"@type":"ReadAction","target":["https:\/\/www.aeroclubalicante.com\/es\/flota_aviones\/tecnam-p-92-echo-super-matricula-ec-kxr\/"]}]},{"@type":"ImageObject","inLanguage":"es","@id":"https:\/\/www.aeroclubalicante.com\/es\/flota_aviones\/tecnam-p-92-echo-super-matricula-ec-kxr\/#primaryimage","url":"https:\/\/www.aeroclubalicante.com\/wp-content\/uploads\/2021\/09\/Tecnam-P-92-Echo-Super-EC-KKR.jpg","contentUrl":"https:\/\/www.aeroclubalicante.com\/wp-content\/uploads\/2021\/09\/Tecnam-P-92-Echo-Super-EC-KKR.jpg","width":1500,"height":1000},{"@type":"BreadcrumbList","@id":"https:\/\/www.aeroclubalicante.com\/es\/flota_aviones\/tecnam-p-92-echo-super-matricula-ec-kxr\/#breadcrumb","itemListElement":[{"@type":"ListItem","position":1,"name":"Home","item":"https:\/\/www.aeroclubalicante.com\/es\/"},{"@type":"ListItem","position":2,"name":"Tecnam P-92 Eaglet matr\u00edcula EC-KXR"}]},{"@type":"WebSite","@id":"https:\/\/www.aeroclubalicante.com\/es\/#website","url":"https:\/\/www.aeroclubalicante.com\/es\/","name":"Real Aeroclub de Alicante | Escuela y Aer\u00f3dromo","description":"Cursos y licencias de vuelo. Escuela de pilotos en Alicante. Aeromodelismo con ultraligeros.","publisher":{"@id":"https:\/\/www.aeroclubalicante.com\/es\/#organization"},"potentialAction":[{"@type":"SearchAction","target":{"@type":"EntryPoint","urlTemplate":"https:\/\/www.aeroclubalicante.com\/es\/?s={search_term_string}"},"query-input":{"@type":"PropertyValueSpecification","valueRequired":true,"valueName":"search_term_string"}}],"inLanguage":"es"},{"@type":"Organization","@id":"https:\/\/www.aeroclubalicante.com\/es\/#organization","name":"Real Aeroclub de Alicante","url":"https:\/\/www.aeroclubalicante.com\/es\/","logo":{"@type":"ImageObject","inLanguage":"es","@id":"https:\/\/www.aeroclubalicante.com\/es\/#\/schema\/logo\/image\/","url":"https:\/\/www.aeroclubalicante.com\/wp-content\/uploads\/2021\/08\/logo-aeroclub-alicante.svg","contentUrl":"https:\/\/www.aeroclubalicante.com\/wp-content\/uploads\/2021\/08\/logo-aeroclub-alicante.svg","width":1,"height":1,"caption":"Real Aeroclub de Alicante"},"image":{"@id":"https:\/\/www.aeroclubalicante.com\/es\/#\/schema\/logo\/image\/"}}]}},"_links":{"self":[{"href":"https:\/\/www.aeroclubalicante.com\/es\/wp-json\/wp\/v2\/flota_aviones\/1428","targetHints":{"allow":["GET"]}}],"collection":[{"href":"https:\/\/www.aeroclubalicante.com\/es\/wp-json\/wp\/v2\/flota_aviones"}],"about":[{"href":"https:\/\/www.aeroclubalicante.com\/es\/wp-json\/wp\/v2\/types\/flota_aviones"}],"wp:featuredmedia":[{"embeddable":true,"href":"https:\/\/www.aeroclubalicante.com\/es\/wp-json\/wp\/v2\/media\/1429"}],"wp:attachment":[{"href":"https:\/\/www.aeroclubalicante.com\/es\/wp-json\/wp\/v2\/media?parent=1428"}],"curies":[{"name":"wp","href":"https:\/\/api.w.org\/{rel}","templated":true}]}}

Tecnam P-92 Eaglet matrícula EC-KXR

<p>Tecnam revolucionó el mercado de ultraligeros fabricando modelos de ultraligeros que nada tienen que envidiar a los pequeños modelos de avión, el P-92 Echo ha sido la punta de lanza y hoy día es probablemente el avión más usado en escuelas de ultraligeros en España.</p>

<!-- This site is optimized with the Yoast SEO plugin v27.3 - https://yoast.com/product/yoast-seo-wordpress/ -->
<title>Tecnam P-92 Eaglet matrícula EC-KXR - Real Aeroclub de Alicante | Escuela y Aeródromo</title>
<meta name="robots" content="index, follow, max-snippet:-1, max-image-preview:large, max-video-preview:-1" />
<link rel="canonical" href="https://www.aeroclubalicante.com/es/flota_aviones/tecnam-p-92-echo-super-matricula-ec-kxr/" />
<meta property="og:locale" content="es_ES" />
<meta property="og:type" content="article" />
<meta property="og:title" content="Tecnam P-92 Eaglet matrícula EC-KXR - Real Aeroclub de Alicante | Escuela y Aeródromo" />
<meta property="og:description" content="Tecnam revolucionó el mercado de ultraligeros fabricando modelos de ultraligeros que nada tienen que envidiar a los pequeños modelos de avión, el P-92 Echo ha sido la punta de lanza y hoy día es probablemente el avión más usado en escuelas de ultraligeros en España." />
<meta property="og:url" content="https://www.aeroclubalicante.com/es/flota_aviones/tecnam-p-92-echo-super-matricula-ec-kxr/" />
<meta property="og:site_name" content="Real Aeroclub de Alicante | Escuela y Aeródromo" />
<meta property="article:modified_time" content="2021-12-23T09:58:19+00:00" />
<meta property="og:image" content="https://www.aeroclubalicante.com/wp-content/uploads/2021/09/Tecnam-P-92-Echo-Super-EC-KKR.jpg" />
	<meta property="og:image:width" content="1500" />
	<meta property="og:image:height" content="1000" />
	<meta property="og:image:type" content="image/jpeg" />
<meta name="twitter:card" content="summary_large_image" />
<meta name="twitter:label1" content="Tiempo de lectura" />
	<meta name="twitter:data1" content="1 minuto" />
<script type="application/ld+json" class="yoast-schema-graph">{"@context":"https:\/\/schema.org","@graph":[{"@type":"WebPage","@id":"https:\/\/www.aeroclubalicante.com\/es\/flota_aviones\/tecnam-p-92-echo-super-matricula-ec-kxr\/","url":"https:\/\/www.aeroclubalicante.com\/es\/flota_aviones\/tecnam-p-92-echo-super-matricula-ec-kxr\/","name":"Tecnam P-92 Eaglet matrícula EC-KXR - Real Aeroclub de Alicante | Escuela y Aeródromo","isPartOf":{"@id":"https:\/\/www.aeroclubalicante.com\/es\/#website"},"primaryImageOfPage":{"@id":"https:\/\/www.aeroclubalicante.com\/es\/flota_aviones\/tecnam-p-92-echo-super-matricula-ec-kxr\/#primaryimage"},"image":{"@id":"https:\/\/www.aeroclubalicante.com\/es\/flota_aviones\/tecnam-p-92-echo-super-matricula-ec-kxr\/#primaryimage"},"thumbnailUrl":"https:\/\/www.aeroclubalicante.com\/wp-content\/uploads\/2021\/09\/Tecnam-P-92-Echo-Super-EC-KKR.jpg","datePublished":"2021-09-23T07:32:05+00:00","dateModified":"2021-12-23T09:58:19+00:00","breadcrumb":{"@id":"https:\/\/www.aeroclubalicante.com\/es\/flota_aviones\/tecnam-p-92-echo-super-matricula-ec-kxr\/#breadcrumb"},"inLanguage":"es","potentialAction":[{"@type":"ReadAction","target":["https:\/\/www.aeroclubalicante.com\/es\/flota_aviones\/tecnam-p-92-echo-super-matricula-ec-kxr\/"]}]},{"@type":"ImageObject","inLanguage":"es","@id":"https:\/\/www.aeroclubalicante.com\/es\/flota_aviones\/tecnam-p-92-echo-super-matricula-ec-kxr\/#primaryimage","url":"https:\/\/www.aeroclubalicante.com\/wp-content\/uploads\/2021\/09\/Tecnam-P-92-Echo-Super-EC-KKR.jpg","contentUrl":"https:\/\/www.aeroclubalicante.com\/wp-content\/uploads\/2021\/09\/Tecnam-P-92-Echo-Super-EC-KKR.jpg","width":1500,"height":1000},{"@type":"BreadcrumbList","@id":"https:\/\/www.aeroclubalicante.com\/es\/flota_aviones\/tecnam-p-92-echo-super-matricula-ec-kxr\/#breadcrumb","itemListElement":[{"@type":"ListItem","position":1,"name":"Home","item":"https:\/\/www.aeroclubalicante.com\/es\/"},{"@type":"ListItem","position":2,"name":"Tecnam P-92 Eaglet matrícula EC-KXR"}]},{"@type":"WebSite","@id":"https:\/\/www.aeroclubalicante.com\/es\/#website","url":"https:\/\/www.aeroclubalicante.com\/es\/","name":"Real Aeroclub de Alicante | Escuela y Aeródromo","description":"Cursos y licencias de vuelo. Escuela de pilotos en Alicante. Aeromodelismo con ultraligeros.","publisher":{"@id":"https:\/\/www.aeroclubalicante.com\/es\/#organization"},"potentialAction":[{"@type":"SearchAction","target":{"@type":"EntryPoint","urlTemplate":"https:\/\/www.aeroclubalicante.com\/es\/?s={search_term_string}"},"query-input":{"@type":"PropertyValueSpecification","valueRequired":true,"valueName":"search_term_string"}}],"inLanguage":"es"},{"@type":"Organization","@id":"https:\/\/www.aeroclubalicante.com\/es\/#organization","name":"Real Aeroclub de Alicante","url":"https:\/\/www.aeroclubalicante.com\/es\/","logo":{"@type":"ImageObject","inLanguage":"es","@id":"https:\/\/www.aeroclubalicante.com\/es\/#\/schema\/logo\/image\/","url":"https:\/\/www.aeroclubalicante.com\/wp-content\/uploads\/2021\/08\/logo-aeroclub-alicante.svg","contentUrl":"https:\/\/www.aeroclubalicante.com\/wp-content\/uploads\/2021\/08\/logo-aeroclub-alicante.svg","width":1,"height":1,"caption":"Real Aeroclub de Alicante"},"image":{"@id":"https:\/\/www.aeroclubalicante.com\/es\/#\/schema\/logo\/image\/"}}]}</script>
<!-- / Yoast SEO plugin. -->

Tecnam P-92 Eaglet matrícula EC-KXR - Real Aeroclub de Alicante | Escuela y Aeródromo

Tecnam revolucionó el mercado de ultraligeros fabricando modelos de ultraligeros que nada tienen que envidiar a los pequeños modelos de avión, el P-92 Echo ha sido la punta de lanza y hoy día es probablemente el avión más usado en escuelas de ultraligeros en España.

Real Aeroclub de Alicante | Escuela y Aeródromo
